{"id":32,"date":"2021-10-14T10:13:32","date_gmt":"2021-10-14T10:13:32","guid":{"rendered":"https:\/\/pancognitiofennia.fi\/?page_id=32"},"modified":"2025-04-02T07:02:30","modified_gmt":"2025-04-02T07:02:30","slug":"etusivu","status":"publish","type":"page","link":"https:\/\/pancognitiofennia.fi\/","title":{"rendered":"TAWASTIAN RESILIENSSIVALMENNUS | Pancognitio Fennia | Psykoterapeutti Jouni Helenius"},"content":{"rendered":"\n<p>Viitekehykseni on <a href=\"https:\/\/www.mielenterveystalo.fi\/aikuiset\/Tietopankki\/Hoitomuotoja\/Pages\/Psykoterapia.aspx\" target=\"_blank\" rel=\"noreferrer noopener\">kognitiivinen psykoterapia<\/a> ja sen monialainen menetelm\u00e4llisyys. Erityisen\u00e4 osaamisalueinani ovat kognitiivinen yksil\u00f6terapia (esim. skeema\/mooditerapia eli \u201dtunnelukkoty\u00f6skentely\u201d).<\/p>\n\n\n\n<p>Olen tehnyt useita ty\u00f6yhteis\u00f6jen valmennus- ja kehitt\u00e4mishankkeita. Ty\u00f6el\u00e4m\u00e4n kehitt\u00e4minen ja sen tuntemus on vahvuuteni, joka tukee osaamistani ihmisten ty\u00f6el\u00e4m\u00e4ss\u00e4 tarvittavan resilienssin eli voimavarojen kehitt\u00e4misess\u00e4.<\/p>\n\n\n\n<p>Psykoterapia on tavoitteellista ja perustuu luottamukselliseen yhteisty\u00f6suhteeseen. Minun teht\u00e4v\u00e4ni psykoterapeuttina on huolehtia terapiaprosessin sujumisesta ja tavoitteellisesta ty\u00f6skentelyst\u00e4. Olen toiminut psykoterapeuttina yli 20 v. ja saanut asiakkailtani haasteita oman osaamisen kehitt\u00e4miseen.<\/p>\n\n\n\n<p><strong>Palvelutarjontaani ovat:<\/strong><\/p>\n\n\n\n<ul><li>aikuisten yksil\u00f6terapia, esim. masennuksen ja ahdistuksen sek\u00e4 uupumuksen hoito<\/li><li>traumahoidot (<a rel=\"noreferrer noopener\" href=\"https:\/\/emdr.fi\/emdr-tietoa\/\" target=\"_blank\">EMDR<\/a>)<\/li><li>ty\u00f6nohjaus<\/li><li>ty\u00f6el\u00e4m\u00e4n asiantuntija- ja esimiesvalmennus<\/li><li>konfliktien ratkaisu<\/li><li>psykoterapiamenetelmien kouluttaminen<\/li><\/ul>\n\n\n\n<p>Koulutustaustani on kasvatustieteiden maisteri (erityisesti yksil\u00f6n oppiminen ja muutos sek\u00e4 ty\u00f6el\u00e4m\u00e4n kehitt\u00e4minen), kognitiivinen psykoterapeutti (VET\/psykoterapian kouluttaja) ja kokenut EMDR-terapeutti.<\/p>\n\n\n\n<p>Minulla on yksil\u00f6terapian <a rel=\"noreferrer noopener\" href=\"https:\/\/asiointi.kela.fi\/palvelutuottajarekisteri\/\" target=\"_blank\">Kela-p\u00e4tevyys<\/a>.<\/p>\n\n\n\n<hr class=\"wp-block-separator is-style-twentytwentyone-separator-thick\"\/>\n\n\n\n<div class=\"wp-block-columns\">\n<div class=\"wp-block-column\">\n<h3>YHTEYSTIEDOT<\/h3>\n\n\n\n<p><strong>Psykoterapeutti Jouni Helenius<\/strong><br>kognitiivinen psykoterapeutti (VET),<br>EMDR-terapeutti,<br>psykoterapian kouluttaja,<br>ty\u00f6yhteis\u00f6valmentaja<\/p>\n\n\n\n<p><em>jouni.helenius(at)pancognitiofennia.fi<br><strong>040 7166087<\/strong><\/em><\/p>\n\n\n\n<p><em>Voimme my\u00f6s tarvittaessa tavata et\u00e4n\u00e4.<br>Lyhytaikaisia emdr-traumahoitopaikkoja voi aina tiedustella.<\/em><\/p>\n<\/div>\n\n\n\n<div class=\"wp-block-column\">\n<h3>PAIKKATILANNE JA TOIMIPISTEET<\/h3>\n\n\n\n<p>Toimipiste:<\/p>\n\n\n\n<p><strong>H\u00e4meenlinna<\/strong>, keskusta<\/p>\n\n\n\n<div class=\"wp-block-buttons\">\n\n\n<div class=\"wp-block-button\"><a class=\"wp-block-button__link\">Ei tilaa uusille terapia-asiakkaille<\/a><\/div>\n<\/div>\n\n\n\n<p><br><\/p>\n\n\n\n<div class=\"wp-block-buttons\"><\/div>\n<\/div>\n<\/div>\n\n\n\n<p><br><\/p>\n\n\n\n<hr class=\"wp-block-separator is-style-twentytwentyone-separator-thick\"\/>\n\n\n\n<p class=\"has-text-align-center\">\u00a9 2021 | TAWASTIAN RESILIENSSIVALMENNUS | Pancognitio Fennia | Y-Tunnus: 1558024-7<\/p>\n","protected":false},"excerpt":{"rendered":"<p>Viitekehykseni on kognitiivinen psykoterapia ja sen monialainen menetelm\u00e4llisyys. Erityisen\u00e4 osaamisalueinani ovat kognitiivinen yksil\u00f6terapia (esim. skeema\/mooditerapia eli \u201dtunnelukkoty\u00f6skentely\u201d). Olen tehnyt useita ty\u00f6yhteis\u00f6jen valmennus- ja kehitt\u00e4mishankkeita. Ty\u00f6el\u00e4m\u00e4n kehitt\u00e4minen ja sen tuntemus on vahvuuteni, joka tukee osaamistani ihmisten ty\u00f6el\u00e4m\u00e4ss\u00e4 tarvittavan resilienssin eli voimavarojen kehitt\u00e4misess\u00e4. Psykoterapia on tavoitteellista ja perustuu luottamukselliseen yhteisty\u00f6suhteeseen. Minun teht\u00e4v\u00e4ni psykoterapeuttina on huolehtia terapiaprosessin sujumisesta&hellip; <a class=\"more-link\" href=\"https:\/\/pancognitiofennia.fi\/\">Jatka lukemista <span class=\"screen-reader-text\">TAWASTIAN RESILIENSSIVALMENNUS | Pancognitio Fennia | Psykoterapeutti Jouni Helenius<\/span><\/a><\/p>\n","protected":false},"author":1,"featured_media":71,"parent":0,"menu_order":0,"comment_status":"closed","ping_status":"closed","template":"","meta":[],"_links":{"self":[{"href":"https:\/\/pancognitiofennia.fi\/index.php\/wp-json\/wp\/v2\/pages\/32"}],"collection":[{"href":"https:\/\/pancognitiofennia.fi\/index.php\/wp-json\/wp\/v2\/pages"}],"about":[{"href":"https:\/\/pancognitiofennia.fi\/index.php\/wp-json\/wp\/v2\/types\/page"}],"author":[{"embeddable":true,"href":"https:\/\/pancognitiofennia.fi\/index.php\/wp-json\/wp\/v2\/users\/1"}],"replies":[{"embeddable":true,"href":"https:\/\/pancognitiofennia.fi\/index.php\/wp-json\/wp\/v2\/comments?post=32"}],"version-history":[{"count":36,"href":"https:\/\/pancognitiofennia.fi\/index.php\/wp-json\/wp\/v2\/pages\/32\/revisions"}],"predecessor-version":[{"id":103,"href":"https:\/\/pancognitiofennia.fi\/index.php\/wp-json\/wp\/v2\/pages\/32\/revisions\/103"}],"wp:featuredmedia":[{"embeddable":true,"href":"https:\/\/pancognitiofennia.fi\/index.php\/wp-json\/wp\/v2\/media\/71"}],"wp:attachment":[{"href":"https:\/\/pancognitiofennia.fi\/index.php\/wp-json\/wp\/v2\/media?parent=32"}],"curies":[{"name":"wp","href":"https:\/\/api.w.org\/{rel}","templated":true}]}}